+ 5*j**3/3 - j**2 + 78. What are the prime factors of i(6)?
2, 5, 53
Let j = -13910 + 40182. What are the prime factors of j?
2, 821
Let q(i) = -3*i**3 + 81*i**2 - 54*i - 9. Suppose -4*p + 3*p = -2*j + 51, 0 = -4*j - 4*p + 108. What are the prime factors of q(j)?
3, 5, 41
Let v be 3466 - (-40)/(-48)*6. Let y = -1970 + v. What are the prime factors of y?
3, 7, 71
Let y(x) = x - 15. Let r be y(13). Let b(a) be the third derivative of -a**6/10 - a**5/60 + a**3/3 - 12*a**2. List the prime factors of b(r).
2, 47
Suppose 4*p - 3*t = 6, -t - 10 = -2*p - 3*t. Let l(r) = 144*r**2 + 16*r - 44. List the prime factors of l(p).
2, 5, 13
Suppose 3*j + 15 = 8*j. Let f be j/(18/(-7530)*-5). What are the prime factors of f - (-9 - 24/(-6))?
2
Let s = 5588 + 2600. What are the prime factors of s?
2, 23, 89
Suppose 5*r + 11840 + 7801 = 2*a, -3*r + 49056 = 5*a. What are the prime factors of a?
3, 3271
Let y(i) = 46*i + 1944. List the prime factors of y(39).
2, 3, 7, 89
Let k(m) = 22*m - 57. Let i be k(7). Let a = -1 + 4. Suppose 4*t + 3*v - 214 - i = 0, a*t = v + 217. List the prime factors of t.
2, 37
Let h be (4506/(-7))/(6/(-42)). Let d be (-3)/18 + h/36. What are the prime factors of d/(-10)*-3*8/6?
2, 5
Let q(j) = -5*j**3 - 10*j**2 - 25*j - 33. Let m(t) = -4*t**3 - 11*t**2 - 24*t - 34. Let c(d) = -6*m(d) + 5*q(d). List the prime factors of c(17).
73
What are the prime factors of 40/(-12)*(-9871)/(-30)*6*-6?
2, 9871
Suppose 5*g - 105 = -4*w, 6*w + 4*g = 2*w + 100. Let f = w + -16. Suppose f*v = 79 + 201. List the prime factors of v.
2, 5, 7
Let i(g) = 2298*g**2 + 13*g + 49. What are the prime factors of i(-3)?
2, 7, 739
Suppose -534 = -5*b + 4*x + 838, 5*b + 3*x = 1386. Suppose -1620 = -4*z + b. What are the prime factors of z?
2, 3, 79
Let i be (-1 + 8 + 3)/(-2). Let s(k) = -k**3 - 5*k**2 + k + 10. Let l be s(i). Suppose -b + 26 = 2*m - l*b, 0 = m + 3*b - 13. List the prime factors of m.
13
Let s(b) = -b**2 + 4*b - 13. Let t be s(-10). Let i = 157 + t. Suppose -3*j + 370 = -4*n, -j + i*n = 3*j - 488. List the prime factors of j.
2, 59
Let y = 20610 + -9447. What are the prime factors of y?
3, 61
Let j = -232 - -490. Let o = 498 - j. What are the prime factors of o?
2, 3, 5
Suppose -115*v - 1980 = -100*v. Let s be (-1448)/4 - (0 - 1). Let n = v - s. List the prime factors of n.
229
Suppose -4*d - w = 1426 - 222, 3*w - 12 = 0. Let p = d + 320. What are the prime factors of p?
2, 3
Let m be -3 - (-11)/4 - 150/8. Let h(n) = -n**2 - 19*n + 3. Let l be h(m). Suppose -3*t = w - 6*w - 80, l*w + 128 = 5*t. What are the prime factors of t?
5
Let p(z) = -30*z - 6. Suppose 25*v - 27*v - 4 = 0. List the prime factors of p(v).
2, 3
Let p be (1 - -1 - 1)*12. Suppose -p*l = 9 - 69. Suppose -2*s - w + 330 = 0, l*s + 5*w - 61 = 764. List the prime factors of s.
3, 5, 11
List the prime factors of (1 + 1516)/(-14*(-6)/1176).
2, 7, 37, 41
Let h = -427 + 430. Suppose t - 4340 = -h*g, 3*t = -5*g + 9750 - 2514. What are the prime factors of g?
2, 3, 241
Suppose 38*r = -12714 - 42690. What are the prime factors of r*(13/(-2) + 6)?
3
Let w be -1*((4 - 4) + -2)/1. Let l be (-2 + 1 - w)/((-24)/16). Suppose 6*b - 1152 = -l*b. What are the prime factors of b?
2, 3
Let i(s) = 134*s + 1032. List the prime factors of i(7).
2, 5, 197
What are the prime factors of 736/(-1104)*(-1 + 13141/(-2))?
13, 337
Let v(l) = -2*l**2 + 7*l + 15. Suppose -10*r + 64 = 14. Let g be v(r). What are the prime factors of (615 + -3)/6 - (g + 0)?
2, 3, 17
Suppose -38*s + 36*s + g - 4848 = 0, -4*s - 2*g - 9696 = 0. Let q = s + 3595. What are the prime factors of q?
1171
Suppose -4*u = -5*u + 2. Let a(w) = -2*w**2 + 4*w**2 - 4*w**2 + w**u - 27 - 17*w. List the prime factors of a(-13).
5
List the prime factors of (-8537646)/(-221) + 9/(765/10).
2, 11, 439
Let i(z) = z**2 - 61*z + 16240. List the prime factors of i(0).
2, 5, 7, 29
Suppose 0 = 3*h + 16 + 143. Let m = -48 - h. Suppose m*o = 2*x + 890, 2*x + 3*x + 553 = 3*o. What are the prime factors of o?
2, 11
Suppose 8*r - 105 - 135 = 0. Let i = 32 - r. Suppose -i*g - 144 = -8*g. List the prime factors of g.
2, 3
Suppose -3*m + 6*m - 51 = 0. Let s(c) = 501 + 0*c + 3*c - 543. What are the prime factors of s(m)?
3
Let h(p) = p**3 - 19*p**2 + 12*p + 104. Suppose -26*a - 220 = -36*a. What are the prime factors of h(a)?
2, 5, 7, 13
Let q = -15 - -12. Let v be 1005/45 + (-2)/q. What are the prime factors of 8/6*v/((-69)/(-90))?
2, 5
What are the prime factors of (-2479)/(-12 + 11) + -5?
2, 1237
Suppose -54*n - 16*n = -121660. What are the prime factors of n?
2, 11, 79
Let y be -2 - ((-50)/(-3))/(29/(-87)). Suppose 5*i - 353 = -2*k, -y = -4*k - 32. List the prime factors of i.
3, 23
Let v = -27 + 70. Suppose y - 137 = v. List the prime factors of (-1 + -11 + -2)*y/(-21).
2, 3, 5
Suppose j - 210 = 39*v - 34*v, -200 = 5*v - 3*j. Let d = v + 903. What are the prime factors of d?
2, 5, 43
Suppose 0 = o - 0*o + 446. Suppose -20*y + 12*y + 232 - 2080 = 0. Let d = y - o. What are the prime factors of d?
5, 43
Suppose -144*h = -153*h - 117. Let j(k) = -47*k + 62. What are the prime factors of j(h)?
673
Let h be (-4)/(-10) + 1606/10. Suppose -3*b + 709 = -h. Suppose 102 = i + l + 30, -4*i = 3*l - b. What are the prime factors of i?
2, 37
Let a = -3394 - -3494. What are the prime factors of a?
2, 5
Suppose -4*v - 130 = 3*r, -r - 4*v = -6*r - 270. Let f = 56 + r. Let h = 49 - f. What are the prime factors of h?
43
Let r(c) be the third derivative of -c**5/30 + 10*c**3/3 + 22*c**2. Let x be r(-6). List the prime factors of (-3 + 39)*x/(-16).
3, 13
What are the prime factors of 13723/4 - 7/(-8 - 20)?
47, 73
Suppose 36 = -18*c + 22*c. Let z be 10/15*(c - 3). Suppose 5 = r + 5*x, z*x + 71 = 5*r - 70. List the prime factors of r.
5
Let s = -431 - -462. What are the prime factors of ((-8)/10)/(s/(-15965))?
2, 103
Let k be (-1 + 4)*-1*-3. What are the prime factors of (0 - -1)/((k/(-22))/(-9))?
2, 11
Suppose -3*v + 380*k = 376*k - 38155, 4*k + 25438 = 2*v. List the prime factors of v.
3, 157
Let b(u) = 125*u**3 + 53*u**2 - 296*u - 4. List the prime factors of b(5).
2, 11, 19, 37
List the prime factors of (-6)/24*-8 + (-14 - -26414).
2, 43, 307
Let x = -284 - -314. List the prime factors of (-46 - 0)/(x/9 + -4).
3, 23
Let v be ((-280)/(-120))/(2/402). Let m = 1797 - v. List the prime factors of m.
2, 83
Suppose 0 = j - 19 + 154. Let g = j - -125. List the prime factors of -3*(g/(-5) + -12).
2, 3, 5
Suppose 4 + 8 = 3*g. Suppose 6 = 2*y - q - 9, -33 = -g*y - q. Suppose -y*z = 75 - 203. What are the prime factors of z?
2
Suppose -4*s = -8*s + 2212. Suppose 2*m - 5*t + 10 = -59, 0 = m - t + 39. What are the prime factors of m/70 + s/5?
2, 5, 11
Suppose 10*i + 80 = 14*i. Suppose -4*h + i = 0, -4*s - 11 = -3*h - 368. List the prime factors of s.
3, 31
Let r(f) = -f**2 - 15*f - 19. Let z be r(-13). Suppose z*l - 10 = 2*l. Suppose 0 = -l*a + 4*o + 140, a - 218 = -2*a - 2*o. What are the prime factors of a?
2, 3
Suppose -5*a - 2*a - 14 = 0. Let f be 240/110 - a/(-11). Suppose 0 = f*b + 4*s - 12, 5*b - 3*s + 12 = 7*b. What are the prime factors of b?
2, 3
Let m be 0 - (1 + (-2 - -1) + 1). Let q(v) = -v**2 + v. Let z(y) = 6*y**2 + 18*y - 8. Let f(g) = m*z(g) - 5*q(g). What are the prime factors of f(-20)?
2, 17
Suppose -2*y + 4*a - 174 = -4*y, a = 3. Let g = y - 78. Suppose 4*q + 3*v = 401, 20 = -g*v - v. List the prime factors of q.
2, 13
Let x be (-4 - (1 + 2)) + -23. What are the prime factors of x + 32 + (-1335)/(-4 - -1)?
3, 149
Let i be (7 - 12845/49) + 1/7. Let h = i - -414. What are the prime factors of h?
3, 53
Suppose 122114 = 5*y - 3*v, 44*v = 4*y + 40*v - 97696. List the prime factors of y.
24421
Let t be (76/6 + 0)*(-54 + 51). What are the prime factors of -4 - (57/t)/((-1)/(-162))?
239
Let p(l) = l**3 + 6*l**2 - 7*l + 13. Let i be p(-7). Suppose -18*d + i*d = -80. Suppose 0 = 3*v - d - 98. What are the prime factors of v?
2, 19
Let u(z) = -3*z**3 - 2*z**2 - 7*z. Let i be u(3). What are the prime factors of ((-304)/6)/(16/i)?
2, 5, 19
Let o(f) = 2*f**2 + f + 9. Suppose 11*a + 40 = 12*a. Let q be ((-16)/6)/(a/60). What are the prime factors of o(q)?
37
Let w = -77 - -84. Suppose 69 = w*x - 113. List the prime factors of 2 + (-48)/x - 9136/(-104).
2, 11
Let s = 36265 + -22891. List the p